{"id":5006,"date":"2017-06-19T13:32:58","date_gmt":"2017-06-19T13:32:58","guid":{"rendered":"http:\/\/www.acomeambiente.org\/fr\/?page_id=5006"},"modified":"2021-01-26T13:42:41","modified_gmt":"2021-01-26T13:42:41","slug":"transports","status":"publish","type":"page","link":"https:\/\/www.acomeambiente.org\/fr\/transports\/","title":{"rendered":"Transports"},"content":{"rendered":"<p><div class=\"fusion-fullwidth fullwidth-box fusion-builder-row-1 hundred-percent-fullwidth non-hundred-percent-height-scrolling\" style=\"--awb-border-radius-top-left:0px;--awb-border-radius-top-right:0px;--awb-border-radius-bottom-right:0px;--awb-border-radius-bottom-left:0px;--awb-overflow:visible;--awb-flex-wrap:wrap;\" ><\/div><div class=\"fusion-builder-row fusion-row\"><\/div><div class=\"fusion-layout-column fusion_builder_column fusion-builder-column-0 fusion_builder_column_1_1 1_1 fusion-one-full fusion-column-first fusion-column-last fusion-column-no-min-height\" style=\"--awb-bg-size:cover;--awb-margin-bottom:0px;width:100%;\"><div class=\"fusion-column-wrapper fusion-flex-column-wrapper-legacy\"><div class=\"fusion-text fusion-text-1\"><p><img decoding=\"async\" class=\"alignnone wp-image-240 size-full\" src=\"\/wp-content\/uploads\/2015\/03\/AcomeA_171.jpg\" alt=\"Scuole\" width=\"900\" height=\"330\" \/><\/p>\n<h1 class=\"entry-title\">Transports<\/h1>\n<p style=\"text-align: justify;\">Il existe tant de fa\u00e7ons de se d\u00e9placer, tant de moyens de transports. Quel est le futur de la mobilit\u00e9 durable ? Bicyclettes, autobus, tramways, m\u00e9tro, train. Ou bien l&rsquo;automobile, peut-\u00eatre partag\u00e9e, peut-\u00eatre \u00e0 prendre \u00e0 plusieurs&#8230; Au cours d&rsquo;une visite de 90 minutes, nous prendrons en compte les pour et le contre des transports publics et priv\u00e9s, en jetant un \u0153il sur les technologies aujourd&rsquo;hui disponibles pour mieux organiser nos d\u00e9placements, en r\u00e9duisant nos temps d&rsquo;attente et l&rsquo;impact sur l&rsquo;environnement. Pr\u00eat \u00e0 embarquer ?<\/p>\n<h2>Laboratoires<\/h2>\n<\/div><div class=\"fusion-clearfix\"><\/div><\/div><\/div><div class=\"fusion-layout-column fusion_builder_column fusion-builder-column-1 fusion_builder_column_1_2 1_2 fusion-one-half fusion-column-first\" style=\"--awb-bg-size:cover;width:48%; margin-right: 4%;\"><div class=\"fusion-column-wrapper fusion-flex-column-wrapper-legacy\"><div class=\"fusion-text fusion-text-2\"><p><!--img class=\"img_laboratori size-medium wp-image-3658 aligncenter\" src=\"\/wp-content\/uploads\/2015\/11\/Trasporti_1-300x276.jpg\" alt=\"trasporti_1\" width=\"300\" height=\"276\" \/--><img decoding=\"async\" class=\"size-medium wp-image-3658 aligncenter\" src=\"\/wp-content\/uploads\/2015\/11\/Trasporti_1-300x276.jpg\" alt=\"trasporti_1\" width=\"300\" height=\"276\" srcset=\"https:\/\/www.acomeambiente.org\/fr\/wp-content\/uploads\/sites\/2\/2015\/11\/Trasporti_1-200x184.jpg 200w, https:\/\/www.acomeambiente.org\/fr\/wp-content\/uploads\/sites\/2\/2015\/11\/Trasporti_1-300x276.jpg 300w, https:\/\/www.acomeambiente.org\/fr\/wp-content\/uploads\/sites\/2\/2015\/11\/Trasporti_1.jpg 320w\" sizes=\"(max-width: 300px) 100vw, 300px\" \/><\/p>\n<div class=\"titoli_laboratori\">\n<p><strong>UN V\u00c9LO STIMULE NOTRE PENS\u00c9E<\/strong><\/p>\n<\/div>\n<p>Se d\u00e9placer en toute libert\u00e9, sans polluer. C\u2019est bien cela ce qui signifie d\u2019utiliser le v\u00e9lo. Cet atelier, r\u00e9alis\u00e9 avec la collaboration de la Coop\u00e9rative Triciclo et de l\u2019Association Bici e Dintorni, nous permettra de toucher \u00e0 notre boite \u00e0 outil pour nous prendre soin de notre bibyclette, sans oublier les r\u00e8gles de s\u00e9curit\u00e9 pour se d\u00e9placer sans probl\u00e8mes en ville et ailleurs.<\/p>\n<\/div><div class=\"fusion-clearfix\"><\/div><\/div><\/div><div class=\"fusion-layout-column fusion_builder_column fusion-builder-column-2 fusion_builder_column_1_2 1_2 fusion-one-half fusion-column-last\" style=\"--awb-bg-size:cover;width:48%;\"><div class=\"fusion-column-wrapper fusion-flex-column-wrapper-legacy\"><div class=\"fusion-text fusion-text-3\"><p><!--img class=\"img_laboratori size-medium wp-image-3659 aligncenter\" src=\"\/wp-content\/uploads\/2015\/11\/Trasporti_2-300x276.jpg\" alt=\"trasporti_2\" width=\"300\" height=\"276\" \/--><img decoding=\"async\" class=\"size-medium wp-image-3659 aligncenter\" src=\"\/wp-content\/uploads\/2015\/11\/Trasporti_2-300x276.jpg\" alt=\"trasporti_2\" width=\"300\" height=\"276\" srcset=\"https:\/\/www.acomeambiente.org\/fr\/wp-content\/uploads\/sites\/2\/2015\/11\/Trasporti_2-200x184.jpg 200w, https:\/\/www.acomeambiente.org\/fr\/wp-content\/uploads\/sites\/2\/2015\/11\/Trasporti_2-300x276.jpg 300w, https:\/\/www.acomeambiente.org\/fr\/wp-content\/uploads\/sites\/2\/2015\/11\/Trasporti_2.jpg 320w\" sizes=\"(max-width: 300px) 100vw, 300px\" \/><\/p>\n<div class=\"titoli_laboratori\"><strong>ING\u00c9NIEUR DES TRANSPORTS<\/strong><\/div>\n<p style=\"text-align: justify;\">Combien de fois s&rsquo;arr\u00eate un autobus, du d\u00e9but \u00e0 la fin de la ligne ? Combien de fois peut-il passer ? Comment satisfaire les exigences de chaque voyageur ? Aujourd&rsquo;hui, il pleut : il faut plus de transports publics ! Enfilons le costume de ceux qui planifient chaque jour le syst\u00e8me des transports publics, et d\u00e9couvrons les joies et les douleurs de la mobilit\u00e9 urbaine. Comment organiserions-nous ces services?<\/p>\n<\/div><div class=\"fusion-clearfix\"><\/div><\/div><\/div><div class=\"fusion-layout-column fusion_builder_column fusion-builder-column-3 fusion_builder_column_1_1 1_1 fusion-one-full fusion-column-first fusion-column-last fusion-column-no-min-height\" style=\"--awb-bg-size:cover;--awb-margin-bottom:0px;width:100%;\"><div class=\"fusion-column-wrapper fusion-flex-column-wrapper-legacy\"><div class=\"fusion-clearfix\"><\/div><\/div><\/div><div class=\"fusion-text fusion-text-4\"><\/div><\/p>\n<p style=\"text-align: justify;\">\n","protected":false},"excerpt":{"rendered":"","protected":false},"author":1025,"featured_media":0,"parent":0,"menu_order":0,"comment_status":"closed","ping_status":"closed","template":"","meta":{"footnotes":""},"class_list":["post-5006","page","type-page","status-publish","hentry"],"yoast_head":"<!-- This site is optimized with the Yoast SEO plugin v26.9 - https:\/\/yoast.com\/product\/yoast-seo-wordpress\/ -->\n<title>Transports - Fr - MAcA - Museo A come Ambiente<\/title>\n<meta name=\"robots\" content=\"index, follow, max-snippet:-1, max-image-preview:large, max-video-preview:-1\" \/>\n<link rel=\"canonical\" href=\"https:\/\/www.acomeambiente.org\/fr\/transports\/\" \/>\n<meta property=\"og:locale\" content=\"fr_FR\" \/>\n<meta property=\"og:type\" content=\"article\" \/>\n<meta property=\"og:title\" content=\"Transports - Fr - MAcA - Museo A come Ambiente\" \/>\n<meta property=\"og:url\" content=\"https:\/\/www.acomeambiente.org\/fr\/transports\/\" \/>\n<meta property=\"og:site_name\" content=\"Fr - MAcA - Museo A come Ambiente\" \/>\n<meta property=\"article:modified_time\" content=\"2021-01-26T13:42:41+00:00\" \/>\n<meta property=\"og:image\" content=\"https:\/\/www.acomeambiente.org\/wp-content\/uploads\/2015\/03\/AcomeA_171.jpg\" \/>\n<meta name=\"twitter:card\" content=\"summary_large_image\" \/>\n<meta name=\"twitter:label1\" content=\"Dur\u00e9e de lecture estim\u00e9e\" \/>\n\t<meta name=\"twitter:data1\" content=\"3 minutes\" \/>\n<script type=\"application\/ld+json\" class=\"yoast-schema-graph\">{\"@context\":\"https:\/\/schema.org\",\"@graph\":[{\"@type\":\"WebPage\",\"@id\":\"https:\/\/www.acomeambiente.org\/fr\/transports\/\",\"url\":\"https:\/\/www.acomeambiente.org\/fr\/transports\/\",\"name\":\"Transports - Fr - MAcA - Museo A come Ambiente\",\"isPartOf\":{\"@id\":\"https:\/\/www.acomeambiente.org\/fr\/#website\"},\"datePublished\":\"2017-06-19T13:32:58+00:00\",\"dateModified\":\"2021-01-26T13:42:41+00:00\",\"breadcrumb\":{\"@id\":\"https:\/\/www.acomeambiente.org\/fr\/transports\/#breadcrumb\"},\"inLanguage\":\"fr-FR\",\"potentialAction\":[{\"@type\":\"ReadAction\",\"target\":[\"https:\/\/www.acomeambiente.org\/fr\/transports\/\"]}]},{\"@type\":\"BreadcrumbList\",\"@id\":\"https:\/\/www.acomeambiente.org\/fr\/transports\/#breadcrumb\",\"itemListElement\":[{\"@type\":\"ListItem\",\"position\":1,\"name\":\"Home\",\"item\":\"https:\/\/www.acomeambiente.org\/fr\/\"},{\"@type\":\"ListItem\",\"position\":2,\"name\":\"Transports\"}]},{\"@type\":\"WebSite\",\"@id\":\"https:\/\/www.acomeambiente.org\/fr\/#website\",\"url\":\"https:\/\/www.acomeambiente.org\/fr\/\",\"name\":\"Fr - MAcA - Museo A come Ambiente\",\"description\":\"Passa al MAcA, costruiamo insieme un mondo pi\u00f9 sostenibile\",\"potentialAction\":[{\"@type\":\"SearchAction\",\"target\":{\"@type\":\"EntryPoint\",\"urlTemplate\":\"https:\/\/www.acomeambiente.org\/fr\/?s={search_term_string}\"},\"query-input\":{\"@type\":\"PropertyValueSpecification\",\"valueRequired\":true,\"valueName\":\"search_term_string\"}}],\"inLanguage\":\"fr-FR\"}]}<\/script>\n<!-- \/ Yoast SEO plugin. -->","yoast_head_json":{"title":"Transports - Fr - MAcA - Museo A come Ambiente","robots":{"index":"index","follow":"follow","max-snippet":"max-snippet:-1","max-image-preview":"max-image-preview:large","max-video-preview":"max-video-preview:-1"},"canonical":"https:\/\/www.acomeambiente.org\/fr\/transports\/","og_locale":"fr_FR","og_type":"article","og_title":"Transports - Fr - MAcA - Museo A come Ambiente","og_url":"https:\/\/www.acomeambiente.org\/fr\/transports\/","og_site_name":"Fr - MAcA - Museo A come Ambiente","article_modified_time":"2021-01-26T13:42:41+00:00","og_image":[{"url":"https:\/\/www.acomeambiente.org\/wp-content\/uploads\/2015\/03\/AcomeA_171.jpg","type":"","width":"","height":""}],"twitter_card":"summary_large_image","twitter_misc":{"Dur\u00e9e de lecture estim\u00e9e":"3 minutes"},"schema":{"@context":"https:\/\/schema.org","@graph":[{"@type":"WebPage","@id":"https:\/\/www.acomeambiente.org\/fr\/transports\/","url":"https:\/\/www.acomeambiente.org\/fr\/transports\/","name":"Transports - Fr - MAcA - Museo A come Ambiente","isPartOf":{"@id":"https:\/\/www.acomeambiente.org\/fr\/#website"},"datePublished":"2017-06-19T13:32:58+00:00","dateModified":"2021-01-26T13:42:41+00:00","breadcrumb":{"@id":"https:\/\/www.acomeambiente.org\/fr\/transports\/#breadcrumb"},"inLanguage":"fr-FR","potentialAction":[{"@type":"ReadAction","target":["https:\/\/www.acomeambiente.org\/fr\/transports\/"]}]},{"@type":"BreadcrumbList","@id":"https:\/\/www.acomeambiente.org\/fr\/transports\/#breadcrumb","itemListElement":[{"@type":"ListItem","position":1,"name":"Home","item":"https:\/\/www.acomeambiente.org\/fr\/"},{"@type":"ListItem","position":2,"name":"Transports"}]},{"@type":"WebSite","@id":"https:\/\/www.acomeambiente.org\/fr\/#website","url":"https:\/\/www.acomeambiente.org\/fr\/","name":"Fr - MAcA - Museo A come Ambiente","description":"Passa al MAcA, costruiamo insieme un mondo pi\u00f9 sostenibile","potentialAction":[{"@type":"SearchAction","target":{"@type":"EntryPoint","urlTemplate":"https:\/\/www.acomeambiente.org\/fr\/?s={search_term_string}"},"query-input":{"@type":"PropertyValueSpecification","valueRequired":true,"valueName":"search_term_string"}}],"inLanguage":"fr-FR"}]}},"_links":{"self":[{"href":"https:\/\/www.acomeambiente.org\/fr\/wp-json\/wp\/v2\/pages\/5006","targetHints":{"allow":["GET"]}}],"collection":[{"href":"https:\/\/www.acomeambiente.org\/fr\/wp-json\/wp\/v2\/pages"}],"about":[{"href":"https:\/\/www.acomeambiente.org\/fr\/wp-json\/wp\/v2\/types\/page"}],"author":[{"embeddable":true,"href":"https:\/\/www.acomeambiente.org\/fr\/wp-json\/wp\/v2\/users\/1025"}],"replies":[{"embeddable":true,"href":"https:\/\/www.acomeambiente.org\/fr\/wp-json\/wp\/v2\/comments?post=5006"}],"version-history":[{"count":9,"href":"https:\/\/www.acomeambiente.org\/fr\/wp-json\/wp\/v2\/pages\/5006\/revisions"}],"predecessor-version":[{"id":5596,"href":"https:\/\/www.acomeambiente.org\/fr\/wp-json\/wp\/v2\/pages\/5006\/revisions\/5596"}],"wp:attachment":[{"href":"https:\/\/www.acomeambiente.org\/fr\/wp-json\/wp\/v2\/media?parent=5006"}],"curies":[{"name":"wp","href":"https:\/\/api.w.org\/{rel}","templated":true}]}}

<p><div class="fusion-fullwidth fullwidth-box fusion-builder-row-1 hundred-percent-fullwidth non-hundred-percent-height-scrolling" style="--awb-border-radius-top-left:0px;--awb-border-radius-top-right:0px;--awb-border-radius-bottom-right:0px;--awb-border-radius-bottom-left:0px;--awb-overflow:visible;--awb-flex-wrap:wrap;" ></div><div class="fusion-builder-row fusion-row"></div><div class="fusion-layout-column fusion_builder_column fusion-builder-column-0 fusion_builder_column_1_1 1_1 fusion-one-full fusion-column-first fusion-column-last fusion-column-no-min-height" style="--awb-bg-size:cover;--awb-margin-bottom:0px;width:100%;"><div class="fusion-column-wrapper fusion-flex-column-wrapper-legacy"><div class="fusion-text fusion-text-1"><p><img decoding="async" class="alignnone wp-image-240 size-full" src="/wp-content/uploads/2015/03/AcomeA_171.jpg" alt="Scuole" width="900" height="330" /></p>
<h1 class="entry-title">Transports</h1>
<p style="text-align: justify;">Il existe tant de façons de se déplacer, tant de moyens de transports. Quel est le futur de la mobilité durable ? Bicyclettes, autobus, tramways, métro, train. Ou bien l&rsquo;automobile, peut-être partagée, peut-être à prendre à plusieurs&#8230; Au cours d&rsquo;une visite de 90 minutes, nous prendrons en compte les pour et le contre des transports publics et privés, en jetant un œil sur les technologies aujourd&rsquo;hui disponibles pour mieux organiser nos déplacements, en réduisant nos temps d&rsquo;attente et l&rsquo;impact sur l&rsquo;environnement. Prêt à embarquer ?</p>
<h2>Laboratoires</h2>
</div><div class="fusion-clearfix"></div></div></div><div class="fusion-layout-column fusion_builder_column fusion-builder-column-1 fusion_builder_column_1_2 1_2 fusion-one-half fusion-column-first" style="--awb-bg-size:cover;width:48%; margin-right: 4%;"><div class="fusion-column-wrapper fusion-flex-column-wrapper-legacy"><div class="fusion-text fusion-text-2"><p><!--img class="img_laboratori size-medium wp-image-3658 aligncenter" src="/wp-content/uploads/2015/11/Trasporti_1-300x276.jpg" alt="trasporti_1" width="300" height="276" /--><img decoding="async" class="size-medium wp-image-3658 aligncenter" src="/wp-content/uploads/2015/11/Trasporti_1-300x276.jpg" alt="trasporti_1" width="300" height="276" srcset="https://www.acomeambiente.org/fr/wp-content/uploads/sites/2/2015/11/Trasporti_1-200x184.jpg 200w, https://www.acomeambiente.org/fr/wp-content/uploads/sites/2/2015/11/Trasporti_1-300x276.jpg 300w, https://www.acomeambiente.org/fr/wp-content/uploads/sites/2/2015/11/Trasporti_1.jpg 320w" sizes="(max-width: 300px) 100vw, 300px" /></p>
<div class="titoli_laboratori">
<p><strong>UN VÉLO STIMULE NOTRE PENSÉE</strong></p>
</div>
<p>Se déplacer en toute liberté, sans polluer. C’est bien cela ce qui signifie d’utiliser le vélo. Cet atelier, réalisé avec la collaboration de la Coopérative Triciclo et de l’Association Bici e Dintorni, nous permettra de toucher à notre boite à outil pour nous prendre soin de notre bibyclette, sans oublier les règles de sécurité pour se déplacer sans problèmes en ville et ailleurs.</p>
</div><div class="fusion-clearfix"></div></div></div><div class="fusion-layout-column fusion_builder_column fusion-builder-column-2 fusion_builder_column_1_2 1_2 fusion-one-half fusion-column-last" style="--awb-bg-size:cover;width:48%;"><div class="fusion-column-wrapper fusion-flex-column-wrapper-legacy"><div class="fusion-text fusion-text-3"><p><!--img class="img_laboratori size-medium wp-image-3659 aligncenter" src="/wp-content/uploads/2015/11/Trasporti_2-300x276.jpg" alt="trasporti_2" width="300" height="276" /--><img decoding="async" class="size-medium wp-image-3659 aligncenter" src="/wp-content/uploads/2015/11/Trasporti_2-300x276.jpg" alt="trasporti_2" width="300" height="276" srcset="https://www.acomeambiente.org/fr/wp-content/uploads/sites/2/2015/11/Trasporti_2-200x184.jpg 200w, https://www.acomeambiente.org/fr/wp-content/uploads/sites/2/2015/11/Trasporti_2-300x276.jpg 300w, https://www.acomeambiente.org/fr/wp-content/uploads/sites/2/2015/11/Trasporti_2.jpg 320w" sizes="(max-width: 300px) 100vw, 300px" /></p>
<div class="titoli_laboratori"><strong>INGÉNIEUR DES TRANSPORTS</strong></div>
<p style="text-align: justify;">Combien de fois s&rsquo;arrête un autobus, du début à la fin de la ligne ? Combien de fois peut-il passer ? Comment satisfaire les exigences de chaque voyageur ? Aujourd&rsquo;hui, il pleut : il faut plus de transports publics ! Enfilons le costume de ceux qui planifient chaque jour le système des transports publics, et découvrons les joies et les douleurs de la mobilité urbaine. Comment organiserions-nous ces services?</p>
</div><div class="fusion-clearfix"></div></div></div><div class="fusion-layout-column fusion_builder_column fusion-builder-column-3 fusion_builder_column_1_1 1_1 fusion-one-full fusion-column-first fusion-column-last fusion-column-no-min-height" style="--awb-bg-size:cover;--awb-margin-bottom:0px;width:100%;"><div class="fusion-column-wrapper fusion-flex-column-wrapper-legacy"><div class="fusion-clearfix"></div></div></div><div class="fusion-text fusion-text-4"></div></p>
<p style="text-align: justify;">

<!-- This site is optimized with the Yoast SEO plugin v26.9 - https://yoast.com/product/yoast-seo-wordpress/ -->
<title>Transports - Fr - MAcA - Museo A come Ambiente</title>
<meta name="robots" content="index, follow, max-snippet:-1, max-image-preview:large, max-video-preview:-1" />
<link rel="canonical" href="https://www.acomeambiente.org/fr/transports/" />
<meta property="og:locale" content="fr_FR" />
<meta property="og:type" content="article" />
<meta property="og:title" content="Transports - Fr - MAcA - Museo A come Ambiente" />
<meta property="og:url" content="https://www.acomeambiente.org/fr/transports/" />
<meta property="og:site_name" content="Fr - MAcA - Museo A come Ambiente" />
<meta property="article:modified_time" content="2021-01-26T13:42:41+00:00" />
<meta property="og:image" content="https://www.acomeambiente.org/wp-content/uploads/2015/03/AcomeA_171.jpg" />
<meta name="twitter:card" content="summary_large_image" />
<meta name="twitter:label1" content="Durée de lecture estimée" />
	<meta name="twitter:data1" content="3 minutes" />
<script type="application/ld+json" class="yoast-schema-graph">{"@context":"https://schema.org","@graph":[{"@type":"WebPage","@id":"https://www.acomeambiente.org/fr/transports/","url":"https://www.acomeambiente.org/fr/transports/","name":"Transports - Fr - MAcA - Museo A come Ambiente","isPartOf":{"@id":"https://www.acomeambiente.org/fr/#website"},"datePublished":"2017-06-19T13:32:58+00:00","dateModified":"2021-01-26T13:42:41+00:00","breadcrumb":{"@id":"https://www.acomeambiente.org/fr/transports/#breadcrumb"},"inLanguage":"fr-FR","potentialAction":[{"@type":"ReadAction","target":["https://www.acomeambiente.org/fr/transports/"]}]},{"@type":"BreadcrumbList","@id":"https://www.acomeambiente.org/fr/transports/#breadcrumb","itemListElement":[{"@type":"ListItem","position":1,"name":"Home","item":"https://www.acomeambiente.org/fr/"},{"@type":"ListItem","position":2,"name":"Transports"}]},{"@type":"WebSite","@id":"https://www.acomeambiente.org/fr/#website","url":"https://www.acomeambiente.org/fr/","name":"Fr - MAcA - Museo A come Ambiente","description":"Passa al MAcA, costruiamo insieme un mondo più sostenibile","potentialAction":[{"@type":"SearchAction","target":{"@type":"EntryPoint","urlTemplate":"https://www.acomeambiente.org/fr/?s={search_term_string}"},"query-input":{"@type":"PropertyValueSpecification","valueRequired":true,"valueName":"search_term_string"}}],"inLanguage":"fr-FR"}]}</script>
<!-- / Yoast SEO plugin. -->

Passa al MAcA, costruiamo insieme un mondo più sostenibile
